{"id":164,"date":"2024-08-13T20:37:19","date_gmt":"2024-08-13T20:37:19","guid":{"rendered":"https:\/\/yidankarelli.com\/?page_id=164"},"modified":"2025-03-14T13:17:26","modified_gmt":"2025-03-14T13:17:26","slug":"archidaily-series","status":"publish","type":"page","link":"https:\/\/yidankarelli.com\/?page_id=164","title":{"rendered":"archidaily series"},"content":{"rendered":"\n<div class=\"wp-block-columns is-layout-flex wp-container-core-columns-is-layout-28f84493 wp-block-columns-is-layout-flex\">\n<div class=\"wp-block-column is-layout-flow wp-block-column-is-layout-flow\">\n<figure class=\"wp-block-image size-large wp-duotone-grayscale\"><img decoding=\"async\" src=\"https:\/\/images.adsttc.com\/media\/images\/5d38\/8895\/284d\/d13c\/1700\/0056\/slideshow\/Arch-Manifesto-figure-1.jpg?1563986060\" alt=\"\" style=\"aspect-ratio:1;object-fit:cover\"\/><figcaption class=\"wp-element-caption\"><a href=\"https:\/\/www.archdaily.cn\/cn\/926623\/ru-he-zhuan-xie-jian-zhu-xuan-yan-ru-he-zhuan-xie-jian-zhu-xuan-yan?ad_source=search&amp;ad_medium=projects_tab&amp;ad_source=search&amp;ad_medium=search_result_all\">\u5982\u4f55\u64b0\u5199\u5efa\u7b51\u5ba3\u8a00\/How to Write an Architectural Manifesto<\/a><\/figcaption><\/figure>\n<\/div>\n\n\n\n<div class=\"wp-block-column is-layout-flow wp-block-column-is-layout-flow\">\n<figure class=\"wp-block-image size-large wp-duotone-grayscale\"><img decoding=\"async\" src=\"https:\/\/images.adsttc.com\/media\/images\/5d71\/fdf4\/284d\/d197\/c700\/00be\/slideshow\/Morpholio_Trace_pro_App_Scale_01_Architect_JGCH.jpg?1567751661\" alt=\"\" style=\"aspect-ratio:1;object-fit:cover\"\/><figcaption class=\"wp-element-caption\"><a href=\"https:\/\/www.archdaily.cn\/cn\/925092\/2019-zui-jia-jian-zhu-app-tui-jian?ad_source=search&amp;ad_medium=projects_tab&amp;ad_source=search&amp;ad_medium=search_result_all\">2019 \u6700\u4f73\u5efa\u7b51\u5e94\u7528\u7a0b\u5e8f\/The Top Apps for Architecture in 2019<\/a><br><a href=\"https:\/\/www.archdaily.com\/924342\/the-top-apps-for-architecture-in-2019\"><\/a><\/figcaption><\/figure>\n<\/div>\n\n\n\n<div class=\"wp-block-column is-layout-flow wp-block-column-is-layout-flow\">\n<figure class=\"wp-block-image size-large wp-duotone-grayscale\"><img decoding=\"async\" src=\"https:\/\/images.adsttc.com\/media\/images\/5d1e\/ab78\/284d\/d1ab\/e900\/03db\/slideshow\/haven-01.jpg?1562291048\" alt=\"\" style=\"aspect-ratio:1;object-fit:cover\"\/><figcaption class=\"wp-element-caption\"><a href=\"https:\/\/www.archdaily.cn\/cn\/925098\/ru-he-she-ji-shu-gua-gao-xiao-de-du-li-gong-zuo-qu?ad_source=search&amp;ad_medium=projects_tab&amp;ad_source=search&amp;ad_medium=search_result_all\">\u5982\u4f55\u8bbe\u8ba1\u8212\u9002\u9ad8\u6548\u7684\u72ec\u7acb\u5de5\u4f5c\u533a\/Como projetar escrit\u00f3rios eficientes e confort\u00e1veis: Espa\u00e7os de trabalho individuais<\/a><\/figcaption><\/figure>\n<\/div>\n\n\n\n<div class=\"wp-block-column is-layout-flow wp-block-column-is-layout-flow\">\n<figure class=\"wp-block-image size-large wp-duotone-grayscale\"><img decoding=\"async\" src=\"https:\/\/images.adsttc.com\/media\/images\/5d48\/024a\/284d\/d118\/e900\/0009\/slideshow\/FIG_3_Design_of_Western_Sydney_using_a_synthetic_design_method_(C)_Oliver_Lock.jpg?1565000258\" alt=\"\" style=\"aspect-ratio:1;object-fit:cover\"\/><figcaption class=\"wp-element-caption\"><a href=\"https:\/\/www.archdaily.cn\/cn\/924196\/2019shen-gang-cheng-shi-jian-zhu-shuang-nian-zhan-cheng-shi-zhi-yan-matthias-hank-haeusler-bei-qi-pian-de-cheng-shi?ad_source=search&amp;ad_medium=projects_tab&amp;ad_source=search&amp;ad_medium=search_result_all\">2019\u6df1\u6e2f\u57ce\u5e02\u5efa\u7b51\u53cc\u5e74\u5c55\u201c\u57ce\u5e02\u4e4b\u773c\u201d\uff1a\u88ab\u6b3a\u9a97\u7684\u57ce\u5e02\/Synthetic Design Method as a Tool for Design in the Second Machine Age<\/a><\/figcaption><\/figure>\n<\/div>\n\n\n\n<div class=\"wp-block-column is-layout-flow wp-block-column-is-layout-flow\">\n<figure class=\"wp-block-image size-large wp-duotone-grayscale\"><img decoding=\"async\" src=\"https:\/\/images.adsttc.com\/media\/images\/5d2d\/cd02\/284d\/d105\/b400\/032c\/slideshow\/Hashim_Sarkis_-_Photo_by_Bryce_Vickmark.jpg?1563282678\" alt=\"\" style=\"aspect-ratio:1;object-fit:cover\"\/><figcaption class=\"wp-element-caption\"><a href=\"https:\/\/www.archdaily.cn\/cn\/921274\/2020wei-ni-si-jian-zhu-shuang-nian-zhan-hashim-sarkis-wo-men-jiang-ru-he-gong-tong-sheng-huo?ad_source=search&amp;ad_medium=projects_tab&amp;ad_source=search&amp;ad_medium=search_result_all\">2020\u5a01\u5c3c\u65af\u5efa\u7b51\u53cc\u5e74\u5c55\u4e3b\u9898\u201c\u6211\u4eec\u5c06\u5982\u4f55\u5171\u540c\u751f\u6d3b\u201d\u516c\u5e03\/How Will We Live Together?: Hashim Sarkis on the Venice Biennale 2020<\/a><\/figcaption><\/figure>\n<\/div>\n<\/div>\n\n\n\n<div class=\"wp-block-columns is-layout-flex wp-container-core-columns-is-layout-28f84493 wp-block-columns-is-layout-flex\">\n<div class=\"wp-block-column is-layout-flow wp-block-column-is-layout-flow\">\n<figure class=\"wp-block-image size-large is-resized is-style-default wp-duotone-grayscale\"><img decoding=\"async\" src=\"https:\/\/images.adsttc.com\/media\/images\/5cd1\/96f2\/284d\/d12d\/1e00\/07d8\/slideshow\/feature-_001.jpg?1557239482\" alt=\"\" style=\"aspect-ratio:1;object-fit:cover;width:186px;height:auto\"\/><figcaption class=\"wp-element-caption\"><a href=\"https:\/\/www.archdaily.cn\/cn\/916892\/lumen-shan-mai-she-ying-bo-wu-guan-gerhard-mahlknecht?ad_source=search&amp;ad_medium=projects_tab\">LUMEN \u5c71\u8109\u6444\u5f71\u535a\u7269\u9986\/ Gerhard Mahlknecht<\/a><\/figcaption><\/figure>\n<\/div>\n\n\n\n<div class=\"wp-block-column is-layout-flow wp-block-column-is-layout-flow\">\n<figure class=\"wp-block-image size-large wp-duotone-grayscale\"><img decoding=\"async\" src=\"https:\/\/images.adsttc.com\/media\/images\/5130\/c6d9\/b3fc\/4bd3\/7a00\/0061\/slideshow\/Scott_and_Scott_Architects_Alpine_Cabin_e2.jpg?1362151124\" alt=\"\" style=\"aspect-ratio:1;object-fit:cover\"\/><figcaption class=\"wp-element-caption\"><a href=\"https:\/\/www.archdaily.cn\/cn\/922927\/ke-yi-dong-de-gao-shan-hua-xue-xiao-wu-you-dang-di-mu-cai-zhi-cheng-scott-and-scott-architects?ad_source=search&amp;ad_medium=projects_tab\">\u53ef\u79fb\u52a8\u7684\u9ad8\u5c71\u6ed1\u96ea\u5c0f\u5c4b \/ Scott &amp; Scott Architects<\/a><\/figcaption><\/figure>\n<\/div>\n\n\n\n<div class=\"wp-block-column is-layout-flow wp-block-column-is-layout-flow\">\n<figure class=\"wp-block-image size-large wp-duotone-grayscale\"><img decoding=\"async\" src=\"https:\/\/images.adsttc.com\/media\/images\/5cbe\/5973\/284d\/d14f\/f500\/0648\/slideshow\/3_Court_House.jpg?1555978590\" alt=\"\" style=\"aspect-ratio:1;object-fit:cover\"\/><figcaption class=\"wp-element-caption\"><a href=\"https:\/\/www.archdaily.cn\/cn\/916408\/nan-yin-du-ting-yuan-zhu-zhai-moad?ad_source=search&amp;ad_medium=projects_tab\">\u5357\u5370\u5ea6\u5ead\u56ed\u4f4f\u5b85\/Court House<\/a><\/figcaption><\/figure>\n<\/div>\n\n\n\n<div class=\"wp-block-column is-layout-flow wp-block-column-is-layout-flow\">\n<figure class=\"wp-block-image size-large wp-duotone-grayscale\"><img decoding=\"async\" src=\"https:\/\/images.adsttc.com\/media\/images\/5d76\/deb3\/284d\/d17f\/7400\/0068\/slideshow\/B0000987AS.jpg?1568071335\" alt=\"\" style=\"aspect-ratio:1;object-fit:cover\"\/><figcaption class=\"wp-element-caption\"><a href=\"https:\/\/www.archdaily.cn\/cn\/924942\/yi-da-li-bei-bu-gzhu-zhai-qun-shan-jian-de-yin-mi-lu-tai-architetto-alfredo-vanotti?ad_source=search&amp;ad_medium=projects_tab\">\u610f\u5927\u5229\u5317\u90e8G\u4f4f\u5b85\uff0c\u7fa4\u5c71\u95f4\u7684\u9690\u79d8\u9732\u53f0 \/ Architetto Alfredo Vanotti<\/a><\/figcaption><\/figure>\n<\/div>\n\n\n\n<div class=\"wp-block-column is-layout-flow wp-block-column-is-layout-flow\">\n<figure class=\"wp-block-image size-large wp-duotone-grayscale\"><img decoding=\"async\" src=\"https:\/\/images.adsttc.com\/media\/images\/5cee\/1454\/284d\/d1ef\/0600\/00b7\/slideshow\/DSC_8969.jpg?1559106613\" alt=\"\" style=\"aspect-ratio:1;object-fit:cover\"\/><figcaption class=\"wp-element-caption\"><a href=\"https:\/\/www.archdaily.cn\/cn\/918737\/song-shu-lin-jian-de-song-shu-wu-man-gu-da-dao-ju-le-bu-apluscon-architects-jian-zhu-shi-aplusconarchitects?ad_source=search&amp;ad_medium=projects_tab\">\u677e\u6811\u6797\u95f4\u7684\u677e\u6811\u5c4b\uff0c\u66fc\u8c37\u5927\u9053\u4ff1\u4e50\u90e8 \/ AplusCon Architects<\/a><\/figcaption><\/figure>\n<\/div>\n<\/div>\n\n\n\n<p><\/p>\n","protected":false},"excerpt":{"rendered":"","protected":false},"author":1,"featured_media":0,"parent":0,"menu_order":0,"comment_status":"closed","ping_status":"closed","template":"","meta":{"advanced_seo_description":"","jetpack_seo_html_title":"","jetpack_seo_noindex":false,"footnotes":""},"class_list":["post-164","page","type-page","status-publish","hentry"],"jetpack_sharing_enabled":true,"_links":{"self":[{"href":"https:\/\/yidankarelli.com\/index.php?rest_route=\/wp\/v2\/pages\/164","targetHints":{"allow":["GET"]}}],"collection":[{"href":"https:\/\/yidankarelli.com\/index.php?rest_route=\/wp\/v2\/pages"}],"about":[{"href":"https:\/\/yidankarelli.com\/index.php?rest_route=\/wp\/v2\/types\/page"}],"author":[{"embeddable":true,"href":"https:\/\/yidankarelli.com\/index.php?rest_route=\/wp\/v2\/users\/1"}],"replies":[{"embeddable":true,"href":"https:\/\/yidankarelli.com\/index.php?rest_route=%2Fwp%2Fv2%2Fcomments&post=164"}],"version-history":[{"count":3,"href":"https:\/\/yidankarelli.com\/index.php?rest_route=\/wp\/v2\/pages\/164\/revisions"}],"predecessor-version":[{"id":339,"href":"https:\/\/yidankarelli.com\/index.php?rest_route=\/wp\/v2\/pages\/164\/revisions\/339"}],"wp:attachment":[{"href":"https:\/\/yidankarelli.com\/index.php?rest_route=%2Fwp%2Fv2%2Fmedia&parent=164"}],"curies":[{"name":"wp","href":"https:\/\/api.w.org\/{rel}","templated":true}]}}